s of 1/4*d - -21.
3, 7
Suppose -5*z = 25, -3*z = -4*c + 35 + 12. Let x(o) = -o**3 + 5*o**2 + 6*o + 4. Let m be x(6). List the prime factors of 210/c + m/(-16).
2, 13
Let g(u) = u**3 + 42*u**2 - 53*u + 187. What are the prime factors of g(-43)?
617
Suppose -4*r + 13212 = 50*w - 52*w, -r - 3*w + 3310 = 0. What are the prime factors of r?
2, 7, 59
Let o(f) = -f**2 + 8. Let n be o(-4). Let w = n + 15. Suppose 22 = -w*x + 106. List the prime factors of x.
2, 3
Let h(b) = -b**2 - 8*b + 6. Let i(z) = z - 9. Let n be i(0). Let g be h(n). Let v(o) = -9*o - 2. List the prime factors of v(g).
5
Let a be (24/3)/(2/1). Suppose -a*t + 40 = t. List the prime factors of t.
2
Let m(x) = 73*x - 1. Let z be m(-2). Let a = -63 - z. Suppose -2*f + 64 = -2*y, 0*f - 3*y + a = 3*f. What are the prime factors of f?
2, 3, 5
Suppose -316 = -4*s + 4*a, a = -3*s - 0*a + 249. Let i = 130 - s. What are the prime factors of i?
2, 3
Suppose j - 4 = -4*g - 12, -4*j = -3*g - 63. List the prime factors of j.
2, 3
Let m = -36 + 82. Suppose 0 = -3*l - 2*t + m, -5*t - 19 = -l - 2*t. Suppose -l - 64 = -5*w. List the prime factors of w.
2
Let b be (24/60)/(2/(-570)). Let p = 240 + b. What are the prime factors of p?
2, 3, 7
What are the prime factors of (-904983)/(-930) + (-1)/10?
7, 139
Suppose -3*h + 0*h + 124 = -2*n, 5*n + 287 = -4*h. Let i = -120 - n. Let a = i + 115. What are the prime factors of a?
2, 3
Suppose -15*s + 17*s = 60. Let f be -4*(-18)/2 + 0. Suppose 4*u - f = -2*y, 3*u + 3 - s = 5*y. List the prime factors of u.
3
What are the prime factors of 0 + 0 - (-79170)/(28 + -14)?
3, 5, 13, 29
Let x be (7 - 8)/((-2)/(-4)). What are the prime factors of (x - 0) + 1 + -2 + 97?
2, 47
Let h be 11*(0 + 3 - 2). Let m = 8 + h. Let y = 43 - m. List the prime factors of y.
2, 3
Suppose 5*s - 134 - 227 = -4*l, -2*s + 178 = 2*l. List the prime factors of l.
2, 3, 7
What are the prime factors of (-1)/3*(-22992)/(0 - -8)?
2, 479
Let q(k) = -29*k + 11. Let p be q(-3). Let y = p + 146. List the prime factors of y.
2, 61
Suppose 4*b - 503 = 1257. List the prime factors of b.
2, 5, 11
Let m(l) = 4*l**3 + 3*l**2 + 7*l - 56. List the prime factors of m(4).
2, 3, 23
Let z(s) = 16 + 12*s - 17*s + 2*s + 4. What are the prime factors of z(0)?
2, 5
Let t be 739/(-5) + (-6)/30. List the prime factors of (-1)/(-3 + (-442)/t).
2, 37
Let b(o) be the first derivative of -5/3*o**3 - 8 - o + 3/4*o**4 + 3/2*o**2. What are the prime factors of b(3)?
2, 11
Let i(r) = -236*r - 73. List the prime factors of i(-5).
3, 41
Let k = 3330 - -403. List the prime factors of k.
3733
Let y = 1681 - 899. List the prime factors of y.
2, 17, 23
Suppose -25 = -5*c - 5*y, -c - y = -5*c - 5. Suppose c = -5*u + 5*z - 25, 3*u - 5*z - 5 = u. Let w = 21 + u. What are the prime factors of w?
11
Let a(l) = -3*l**3 + 2*l**2 + 4*l. Let x be a(-2). Suppose -4*g + 4*s = -x, 3*g + 5*s + 0 = 2. What are the prime factors of g?
2
Let r(o) = o**2 + 19*o + 13. Suppose -31*p = -36*p - 125. List the prime factors of r(p).
163
Let s(k) = -5*k + 81. Suppose 3*i = -5*l + i - 2, 2*l + i = -1. What are the prime factors of s(l)?
3
Let n be (121/(-22))/(1/(-24)). Suppose 3*q - 5*h = 197, 0*q + 2*q - 3*h - n = 0. What are the prime factors of q?
3, 23
Suppose -5860 = -31*o + 27124. What are the prime factors of o?
2, 7, 19
Let q = 72 - 68. Let a be ((-12)/15)/(2/25). What are the prime factors of (340/(-25))/(q/a)?
2, 17
Suppose p + 1 = y - 6, 5*y + 1 = -4*p. Suppose -3*k + 12 = y*j, 0 = 3*k + 3*j - 2*j - 10. Suppose -k*w + w = -14. What are the prime factors of w?
7
Let j = -2581 + 6066. List the prime factors of j.
5, 17, 41
Suppose 4823 = 3*x - 2920. List the prime factors of x.
29, 89
Suppose 5*j + 2*a - 75 = 0, 0 = -4*j - 3*a - 2*a + 60. Let z = j + -12. Suppose -z*b + 4*p = 3*p - 63, -21 = -b + p. List the prime factors of b.
3, 7
Let q(u) = -13*u**3 - 2*u**2 + 3*u - 7*u**3 + 1 - 26*u**3 - 4*u. List the prime factors of q(-1).
2, 23
Let v be (2 - -1 - 19) + 2. Let t = -13 - v. Let u(n) = 5*n**2 + n - 1. List the prime factors of u(t).
5
Suppose 3*z = -0*m - 5*m + 1347, 4*m - 1077 = -3*z. List the prime factors of m.
2, 3, 5
Suppose u - 3*g - 1048 = 0, 4*u - u = 5*g + 3128. What are the prime factors of u?
2, 7, 37
Let f be 24/(-18)*(-3)/2. List the prime factors of (-279)/(-18) - (-1)/f.
2
Suppose -j + 228 = 3*o - 0*j, -4*o = -3*j - 291. List the prime factors of o/((-4)/24*-9).
2, 5
List the prime factors of 27/12 - (-383373)/108.
2, 3, 37
Let j = 810 - 444. List the prime factors of j.
2, 3, 61
Suppose 4*n = 2*h - 816, -402 = -h + 3*n + n. Suppose 0 = -2*q + 11*q - h. List the prime factors of q.
2, 23
Let v(s) = -3*s**3 - 14*s**2 - 59*s - 1. What are the prime factors of v(-6)?
7, 71
Let s(d) = 111*d - 119. List the prime factors of s(2).
103
Suppose 2*r + 6 = 4*r. Suppose 2*x - r*v - 50 = -2*x, -4 = -2*v. What are the prime factors of 0 + 0 + 0 + x?
2, 7
Let y = -22 + 17. List the prime factors of (2 - 19*y) + (-6)/2.
2, 47
Let v = -48 - -19. Let s = 53 + v. List the prime factors of s.
2, 3
Let k = -804 - -1870. List the prime factors of k.
2, 13, 41
Let h = -34 - -53. Let m = h - 10. What are the prime factors of m?
3
Suppose -4*z + 2*a - 22 = 0, a + 12 = -3*a. Let m(w) = -w + 3. Let c be m(z). List the prime factors of 2 - 5/(c/(-76)).
2, 5
Let y be (4 - 7)*(-5)/3. Let w(o) = y*o + 0*o + 2 + 7*o**2 + o**3 - 2*o. What are the prime factors of w(-6)?
2, 5
Let h(d) = 10*d + 66. Let s be h(5). Suppose 115*l + 160 = s*l. List the prime factors of l.
2, 5
Let s = 130 + -66. Suppose 5*p - s = 101. Suppose -2*a = -37 - p. What are the prime factors of a?
5, 7
Let k(c) = 983*c**2 - 18*c - 18. What are the prime factors of k(-1)?
983
Let s(w) = 113*w**2 - 18. What are the prime factors of s(5)?
7, 401
Let s(z) = 9*z**3 + 3*z**2 - 52*z + 98. List the prime factors of s(2).
2, 3, 13
Let i = -304 + 2334. List the prime factors of i.
2, 5, 7, 29
Let u = 268 - 52. List the prime factors of (-1213)/(-9) - (-48)/u.
3, 5
Let b be -2 + 1 - (-1 - (-12)/(-6)). Suppose -9*o + b*o + 84 = 0. What are the prime factors of o?
2, 3
Let h be (0 - -18)/((-2)/(-10)). Let w be 91/28 + 3/(-12). Suppose -30 = -w*j - 3*s + 6, 5*j - 5*s = h. What are the prime factors of j?
3, 5
Suppose t - 4*v = -3*t - 56, -12 = t - 3*v. Let y be (-54)/(-15)*t/6. Let k = y - -51. What are the prime factors of k?
2, 3, 7
Suppose 9*v = -0*v + 2835. What are the prime factors of v?
3, 5, 7
Let o(c) = -c**3 + 7*c**2 + 8*c - 5. Let v be -1 + 8/2 + 4. Let m be o(v). Suppose 11 = -4*k + m. List the prime factors of k.
2, 5
Let d = -18 - -36. Suppose 5*c - 4*c = d. List the prime factors of c.
2, 3
Let v = -25 - 5. Let x be (-9)/(81/v)*45. Suppose 3*h = -5*y + x, 2*y = 4*y - 5*h - 29. List the prime factors of y.
3
Let y(u) = -2*u + 17. Suppose -2*s = 2*s - j + 36, 0 = -2*s - 2*j - 8. Let i be (-48)/(-12)*26/s. List the prime factors of y(i).
43
Let c(o) = 3*o**2 + 17*o + 2. Let s(d) = -d. Let x(z) = -z**2 - 6*z. Let t(y) = -5*s(y) + x(y). Let j(v) = c(v) + 2*t(v). List the prime factors of j(-18).
2, 7
Let r(w) = -2*w**3 + 6*w**2 - 5*w + 5. Let s be r(2). Suppose -s*t = -t - 278. List the prime factors of t.
139
Suppose 2*n = 2*c, n + 5*c - 16 = -46. Let q = n - -27. List the prime factors of q.
2, 11
Suppose -4*i + 5*k = 60, 3*i + 7 = -4*k - 7. List the prime factors of (i/(-6))/(2/174).
5, 29
Let j be 1 - ((-2 - 0) + 0). Suppose -20 = -7*p + j*p. What are the prime factors of p + -2 - (-25 - -2)?
2, 13
Suppose -t = -3*s - 0*s, -3*s + 9 = 2*t. Suppose -2*u - 3*n = -86, -t*u - 4*n + 168 = u. List the prime factors of u.
2, 5
Let r(z) = z**3 + 12*z**2 + 11*z + 12. Let y be r(-11). Suppose 363 = 5*d - y. What are the prime factors of d?
3, 5
Suppose 126*d - 121*d = 1610. Let c = d + -175. List the prime factors of c.
3, 7
What are the prime factors of (5274/(-5))/(-3) + 10/25?
2, 11
Let g = 124 + -13. Suppose 3*v + 39 = g. Let p = 51 - v. List the prime factors of p.
3
Let u(r) = -10*r + 32. What are the prime factors of u(-3)?
2, 31
Suppose -10*z = -z - 1053. Let o = z + -47. What are the prime factors of o?
2, 5, 7
Suppose -z - 1 + 3 = 0. Suppose -3*r = -z*r - 4. Suppose -4*j + 63 = 5*v, -r*j - 54 = -2*v - 12. What are the prime factors of v?
3, 5
Let h(p) = p**3 + 3*p**2 + p + 4. Let u 